2135 = 2*t + 5776. What is the hundreds digit of b?
5
Let r(l) = -2*l**3 - 2*l**2 - 5*l + 113. Let f(x) = x**3 + x**2 + 3*x - 56. Let h(g) = 5*f(g) + 3*r(g). What is the tens digit of h(0)?
5
Suppose 5*v - c = 3200, -12*v - 1277 = -14*v + c. What is the hundreds digit of v?
6
Suppose 2*l + 43 = 4*y - l, -2*y - 4*l - 6 = 0. Suppose 5*i - 241 = g, 2*i = y*i + 5*g - 265. What is the units digit of i?
9
Suppose -c = -3*c + 8. Suppose 0 = -b + 5*b - c*j - 332, -j = -4. Suppose 3*s + 4*r - b = r, -2*r = -2. What is the tens digit of s?
2
Let f = -26 + 14. Let g be ((-9)/f)/(1/(-12)). Let l = 34 + g. What is the units digit of l?
5
Let u be 2952/16 - (-2)/(-4). Suppose -2*c - u = -6*c. What is the units digit of (c/6)/((-5)/(-30))?
6
Let s = -324 - -389. What is the units digit of s?
5
Let f(c) = 7*c**2 + 3*c - 4. Let w be f(2). Suppose -s - 5 = o - w, 4*o - 132 = 4*s. What is the tens digit of o?
2
Suppose 0 = 5*a + 4*t + 6 + 20, -21 = 3*a - 3*t. Let q(o) = 2*o + 6. Let b be q(a). Let d(f) = -3*f. What is the tens digit of d(b)?
1
Suppose -o + 4*o + 5*z = 4892, z = -5*o + 8190. What is the tens digit of o?
3
Let l be (-14896)/(-12) + -1*(-3)/(-9). Suppose -7*f + l + 26 = 0. What is the units digit of f?
1
Let x = -60 - -63. Let a(j) = j**3 + 3*j**2 - 7*j - 1. Let h be a(-5). Let p = x - h. What is the units digit of p?
9
Let g = 12 + -14. Let m(n) = -24*n + 8. Let o be m(g). Suppose -3*f - o = k - 2*k, f + 184 = 3*k. What is the units digit of k?
2
Let r(c) = -5*c - 9. Let t = 9 - 3. Let q be r(t). What is the tens digit of (q/(-6))/(4/8)?
1
Suppose l + 22 = 4*o + 2, 2*l - 2 = o. Let i = o + 6. What is the units digit of i?
2
Let s(n) = -n**3 + 5*n**2 + 6*n - 5. Let g(h) = h**3 - 2*h. Let l be g(2). Let m be s(l). Suppose 2*r + 5*r - m = 0. What is the units digit of r?
5
Suppose -9*u + 482 = 1625. Let s = u - -203. What is the tens digit of s?
7
Let y = 588 + -315. Suppose 2*w + w = y. What is the tens digit of w?
9
Let o = 736 + 1328. What is the tens digit of o?
6
Suppose 3*v = b - 49, -2*b + 1 = -4*v - 65. What is the tens digit of v/(-48) + 143/3?
4
Let v be 5 - 1 - (17 - 18). Suppose 4*r - v*r = -69. What is the tens digit of r?
6
Let j(m) be the third derivative of m**6/40 + m**5/30 + m**4/12 - m**3/2 - 8*m**2. Let d be j(2). Let w = d - 24. What is the units digit of w?
9
Suppose 31 = d - 4*g, 8 = 3*d - 3*g - 76. Suppose -5*y - 67 = 3*n, 3*y - y = -n - d. What is the units digit of 4/y - 259/(-49)?
5
What is the tens digit of (-82409)/(-15) - (-20)/300?
9
Let b = -1039 - -2128. What is the thousands digit of b?
1
Suppose 8 = -2*w - 4. Let j be (-154)/(-66) - (-2)/w. Suppose -j*m - 46 = -122. What is the units digit of m?
8
Let r(a) = -a**2 + a. Let o(w) = -7*w**2 - 11*w - 8. Let s(q) = o(q) - 6*r(q). What is the units digit of s(-9)?
4
Let j(v) = v**3 + 20*v**2 - 22*v. Let m = 29 + -26. Let i be 64/(-3) + 1/m. What is the tens digit of j(i)?
2
Let a(h) = -499*h + 1. Let g be a(1). Let o = -350 - g. What is the hundreds digit of o?
1
Let c = 21 + -12. Suppose 5*v + 2*q - q = c, -2*v = 5*q + 1. Suppose -n - 2 = -2*m, m - v = -m - 3*n. What is the units digit of m?
1
Let y = -54 + 57. Suppose y*q - 720 = -5*p + 2*p, 2*q = 3*p + 480. What is the hundreds digit of q?
2
Let u = 10 - 24. Let v be (-7)/49 - 58/u. What is the tens digit of (48 - (-1 - 1)) + v?
5
Suppose -2*t = x - 2229, 5*x - 1973 = -3*t + 1374. What is the thousands digit of t?
1
Suppose 0 = 9*c - 1915 - 3278. What is the tens digit of c?
7
Let b = 905 + -415. What is the units digit of b?
0
Let l = -181 - -201. What is the tens digit of l?
2
Suppose 0 = -7*j + 3*j - j. Suppose j = 2*m + 5*t - 3*t - 234, -3*m - t = -343. What is the hundreds digit of m?
1
Suppose -h = h. Suppose -v + 208 - 61 = h. Suppose v = -2*y + 5*y. What is the tens digit of y?
4
Let n(m) = 10*m**3 + 7*m**2 - 45*m + 5. What is the units digit of n(4)?
7
Let h = -586 - -1135. What is the tens digit of h?
4
What is the units digit of -90*((-120)/18 - -1)?
0
Let j = 76 + 725. What is the units digit of j?
1
Suppose 0 = -5*o - 5, 3*o + 25 = 2*r - 20. Suppose 4*y = 5*y. Let m = r + y. What is the units digit of m?
1
Let h = -2772 + 4567. What is the units digit of h?
5
What is the tens digit of (3 - -1881) + (12 - 8)?
8
Suppose x = 4*l + 22, -2*x - 9 = 4*l + 7. What is the units digit of 4*(77 + -4)*x/4?
6
Let y(h) = -h**3 + 9*h**2 + h - 6. Let d be y(9). Suppose -1 + 25 = d*f + 2*l, -43 = -4*f + l. What is the units digit of 124/20 - 2/f?
6
Let i = -26 + 27. Let y = -33 + 18. Let a = i - y. What is the units digit of a?
6
Let s(r) = 2*r**2 - 10*r + 2. Let c be s(5). What is the units digit of (-3)/c - (-4536)/16?
2
Let y = 13 - 11. Let j(d) = d**2 + 4*d**3 + 8*d - 3 + 3*d**3 - 6*d. What is the tens digit of j(y)?
6
Suppose q - 554 = -2*v, 2*q + 2*q - 2189 = v. What is the hundreds digit of q?
5
Let i(w) = -36*w - 2. Let z(h) = 35*h + 2. Suppose -19 = -4*r - 7. Let m(v) = r*i(v) + 2*z(v). What is the tens digit of m(-1)?
3
Let x be -1 - (2*64 - -1). Let c = x + 206. What is the units digit of c?
6
Let w = -4 - -4. Let i(b) = 2*b + 1 - 2 - 2 + w. What is the units digit of i(9)?
5
Let n(q) = -q**3 + 9*q**2 + 18. Suppose 0 = -26*r + 21*r + 40. What is the tens digit of n(r)?
8
Let h = 683 - 222. What is the units digit of h?
1
What is the units digit of (-169)/2*-8 - 36/(-9)?
0
Let h = 151 + -149. Suppose -2 = -p + 2. Suppose -h = -p*r + 114. What is the units digit of r?
9
Let m = 492 + -50. What is the units digit of m?
2
Suppose 156*u - 3256 = 152*u. What is the hundreds digit of u?
8
Let b(c) = -2*c - 8. Let o be b(-7). What is the units digit of (-3)/o + 625/10?
2
Suppose i + i = 2. Suppose -u + 3*y = 11, -4*u = -2*y - 9 + 93. What is the tens digit of i + (-1)/(-1) - u?
2
Let v = 6 - 4. Let g(j) = -2 + 5 - 3 - 4*j + j**v - 17. What is the units digit of g(-5)?
8
Suppose 0 = u - 36 - 33. Suppose -u = 3*b - 303. What is the units digit of b?
8
Let p(z) = 11*z - 23. Let j(h) = 6*h - 12. Let f(c) = 5*j(c) - 3*p(c). What is the units digit of f(-3)?
8
Suppose -63*n = -68*n + 3255. What is the units digit of n?
1
Let l(p) = 3*p**2 + 3*p - 3. Let r be l(2). Let h = 1 - -2. Suppose 4*m = 5*j - 74 - r, -3*m - h = 0. What is the units digit of j?
7
Let h(i) = 68*i**2 - 130*i - 3. What is the thousands digit of h(-5)?
2
Suppose -3*a + 16 + 35 = 0. Let u(d) = d + 2. Let p be u(a). Let q = 26 + p. What is the tens digit of q?
4
Let l(c) be the second derivative of c**4/12 + 5*c**3/3 + 11*c**2/2 - 7*c. Let m be l(-9). What is the tens digit of (-4)/((-16)/132) + m?
3
Suppose 4*r = 4*l + 398 + 386, 3*l + r + 568 = 0. Let m = -123 - l. What is the units digit of m?
8
Let k(h) = -h**2 + 4 - 5 - 8*h**2 + 8*h**2. Let r(w) = -4*w**2 + 9*w - 4. Let x(a) = -5*k(a) + r(a). What is the units digit of x(-9)?
1
Let a(n) = -n**2 + 20*n + 22. Let g(x) = -5*x + 30. Let w be g(3). What is the units digit of a(w)?
7
Let x be 6/(-4)*40/(-6). Suppose -j + x = 4*j. Suppose -y - 2*y = -2*b + 33, -j*y = -3*b + 47. What is the tens digit of b?
1
Let u = 126 - -1580. What is the thousands digit of u?
1
Let p(t) = 7*t - 6. Let z be p(-3). Let m = z - -96. What is the units digit of m?
9
Let m(z) = -64 + z + 132 - 66. Let s be m(-2). Suppose 0 = -h + 5*j + 59, -4*h + 2*j - j + 179 = s. What is the tens digit of h?
4
Let d = 84 - 69. Suppose -n - 4*h + d = 0, -n - 84 = -5*n - 4*h. What is the tens digit of n?
2
Let d = -381 + 928. What is the tens digit of d?
4
Suppose -p + 19 = -6. Suppose 4*g - p - 21 = -x, 118 = 2*x - 5*g. What is the units digit of x?
4
Let y = -49 - -51. Suppose -5*p - 5*c = -40, -c = -4*p - y*c + 23. What is the units digit of p?
5
Let b be (-8)/((-5)/(5/(-2))). Let y(d) = d**2 - 4. What is the tens digit of y(b)?
1
Let t(l) = 116*l**3 - l**2 + 3*l - 2. Let q be t(1). Suppose 3*a - 334 = -4*b, -3*a + q = -2*a - b. What is the hundreds digit of a?
1
What is the units digit of (1671/(-3))/(1/(-4))?
8
Let z = 1308 + -327. What is the units digit of z?
1
Let h(p) = 2*p**3 + 3*p**2 + p + 1. Let b be h(-2). Let o = 9 + b. What is the units digit of o?
4
Let d(h) = -9*h + 49. Let l(q) = -46*q + 243. Let f(o) = -11*d(o) + 2*l(o). What is the units digit of f(30)?
7
Suppose t - 4*r - 89 = 0, -4*t + 329 = -3*r - 27. Suppose t = k + n,